s + 228*s. List the prime factors of s.
5, 9283
Suppose 5*x = -4*o + 13 + 5, -6 = -3*x. Suppose -7*u + 5*u = 4*w - 2154, 5*u - 1065 = -o*w. List the prime factors of w.
2, 3, 5
Let a = -7 - -2219. What are the prime factors of a?
2, 7, 79
Suppose 5*v + 4 = -0*x - 2*x, 0 = -3*v - 3*x + 3. What are the prime factors of (84/49)/(v/(-322))?
2, 3, 23
Let a(z) = 28*z**2 - 48*z + 101. Let f be a(2). Let k be -59 - 2 - (-3 - -2). Let i = f + k. List the prime factors of i.
3, 19
Suppose 6*h + 6 - 18 = 0. List the prime factors of 2*1275/6 + (h - 7).
2, 3, 5, 7
Let b(n) = -14*n**2 + 9*n - 43. Let a(r) = -r + 2. Let f(q) = 4*a(q) - b(q). What are the prime factors of f(5)?
2, 3, 7
Suppose -3*k - 5493 = -2*x, 3*x + 46*k = 49*k + 8238. List the prime factors of x.
3, 5, 61
Let p be ((-528)/(-330))/(6216/3110 - 2). Let a = p + 1904. List the prime factors of a.
2, 3, 5, 11
What are the prime factors of 126/(-90)*((-243450)/(-5))/(-2)?
3, 7, 541
Suppose 2*h - 10417 - 53802 = -3*s, 0 = 2*s + 3*h - 42811. List the prime factors of s.
21407
What are the prime factors of (1 + 3)*31042/88?
17, 83
Let l(d) = 2*d**2 - 13*d - 73. Let u be l(30). Suppose 30*t - 703 = u. List the prime factors of t.
2, 17
Let y = -13002 - -19124. What are the prime factors of y?
2, 3061
Let d(l) = -7*l**2 + 33*l - 14. Let o be d(17). Let k = -1041 - o. Suppose 0 = -5*z - 100 + k. List the prime factors of z.
67
Let v = -18404 + 35463. List the prime factors of v.
7, 2437
Let g = 303 - 199. What are the prime factors of 9/(2/g*4)?
3, 13
Let t(u) = -3*u**3 + 12*u**2 - 35. Let r be t(8). Let m = -310 - r. List the prime factors of m.
17, 29
Let m(o) = o**3 + 56*o**2 - 19*o + 390. What are the prime factors of m(-46)?
2, 2803
Suppose -3*w = -558 - 2259. What are the prime factors of w?
3, 313
Let z be (4/(-7))/(2/(-7)). Suppose x = z*y + 27, 0 = 6*y - y. Suppose -269 = -3*j + 5*b, 70 = j + 2*b - x. List the prime factors of j.
3, 31
Let i = -62 - -68. Suppose -18*u = i*u - 12672. List the prime factors of u.
2, 3, 11
Suppose 41700 = 5*z + 5*j, 0 = -541*j + 536*j + 25. What are the prime factors of z?
5, 1667
Let z(x) be the third derivative of -3*x**3 + 6*x**2 + 0 + 0*x - 7/3*x**4. List the prime factors of z(-3).
2, 3, 5
Let m(w) be the second derivative of -3*w**5/2 + w**3/3 + w**2/2 - 55*w. What are the prime factors of m(-1)?
29
Let j = 617 - 961. Let v = j + 654. List the prime factors of v.
2, 5, 31
Let m be 14/(-5 - -12) + (0 - 317). List the prime factors of (21/(-9))/(5/m).
3, 7
Suppose 28*j - 23397 - 63375 = 0. List the prime factors of j.
3, 1033
Suppose -145*h = -142*h + 2*w - 119416, -5*h + w = -198992. List the prime factors of h.
2, 5, 199
Suppose -36 = -4*m, 575*m - 572*m + 234519 = 3*w. What are the prime factors of w?
2, 13, 31, 97
Let p(r) = -r**3 + 31*r**2 + 22*r + 59. Let i be p(32). Let x = 336 + i. What are the prime factors of x?
3, 5
Let s(m) = 714*m - 1794. List the prime factors of s(21).
2, 3, 5, 11
Let y(f) = -f**2 - 9*f - 3. Let u be 816/(-84) + 2/(-7). Let a be y(u). List the prime factors of ((-117)/a)/((-14)/(-12) - 1).
2, 3
Suppose -y = -6078 + 1985. List the prime factors of y.
4093
Let r(o) = 68599*o**2 - 350*o - 351. List the prime factors of r(-1).
2, 3, 37, 103
Suppose 23*y = 32*y + 459. Let x = y - -958. What are the prime factors of x?
907
Let c(d) be the third derivative of 1/120*d**6 - 6*d**2 + 0 - 3/8*d**4 + 0*d - 3/2*d**3 + 2/15*d**5. What are the prime factors of c(-8)?
3, 7
Let s(n) = -4*n**3 - 12*n**2 - 5*n - 7. Let f = -51 + 54. Let h(g) = 3*g**3 + 11*g**2 + 6*g + 6. Let d(k) = f*h(k) + 2*s(k). List the prime factors of d(-8).
2
Let j(y) = 6*y - 11*y + 8 - 6*y. What are the prime factors of j(-17)?
3, 5, 13
Let x(c) = 9*c**2 + 15*c - 425. Let l(o) = -13*o**2 - 22*o + 637. Let y(g) = 5*l(g) + 7*x(g). List the prime factors of y(0).
2, 3, 5, 7
Let f = 56 + -56. Suppose -4*n + f*j = -j - 1212, -n + 296 = -2*j. Suppose t = 2*t + 4, 4*t = -5*l + n. List the prime factors of l.
2
Suppose -d = -3*q + 1513, 10*q = 8*q + 5*d + 1000. Let h = -266 + q. What are the prime factors of h?
239
Let w(t) = -8 - 6 - 5*t + t - 13. Suppose -3*s - 7 = 26. What are the prime factors of w(s)?
17
Suppose -14925 = -29*u + 86430. List the prime factors of u.
3, 5, 233
Let w be 9/(-3 - (-3)/2). Let g(p) = -3 - 24*p + 2*p**2 + 5*p + 11*p - 2. What are the prime factors of g(w)?
5, 23
Suppose 5*r = 2*q - 1 + 2, 5*q - 2*r + 13 = 0. Let l be q/(12/(-16)) - (-15)/(-3). What are the prime factors of (l/(-3))/(1/861) + -3?
2, 71
Let g(i) = 8*i**2 + 5*i + 1. Let s be g(-4). Suppose h = s + 13. List the prime factors of h.
2, 61
Suppose -3*h - 1 + 11 = -g, -5*h + g + 16 = 0. Let r be h/15 + (-272)/(-40). Suppose 0 = w - 49 - r. List the prime factors of w.
2, 7
Suppose 11*f + 44776 + 1022829 = 0. Let g be f/(-175) + 4/10. Suppose 142 = m + 3*i, g = 4*m - 2*i + i. What are the prime factors of m?
139
Suppose -g + 10 = 3*s, 4*s = 17*g - 18*g + 12. Suppose 2*k + s*p - 564 = 0, 0 = 3*p + 3. List the prime factors of k.
283
Let a = -160 + 158. What are the prime factors of (1/a)/((-6)/5448)?
2, 227
Suppose 63*a + 373068 = 1554381. What are the prime factors of a?
17, 1103
Suppose -5*v = -5*g - 325, 2*v - 5*g = -g + 124. Suppose 9 = 3*u + 90. Let y = v + u. What are the prime factors of y?
41
Let m = 30 + -25. Suppose -165 = -m*v + o + 320, -2*v + 176 = -4*o. Suppose -23*i + 24*i - v = 0. List the prime factors of i.
2, 7
Let i(t) = 95*t + 1731. List the prime factors of i(31).
2, 7, 167
Let t be (-12)/18 + (-406)/(-6). Let j = t - 58. Let y = 53 - j. What are the prime factors of y?
2, 11
Let p(l) = 3*l**2 - 14*l + 7. Let v be p(9). Suppose h = -4*u + 1112, -u = 4*h - v - 169. Let r = u + -156. What are the prime factors of r?
11
Let n be 16*((-1028)/(-16) + 3). Let a = n - 721. Suppose -4*j = -a - 637. What are the prime factors of j?
2, 31
Suppose -2*k - 3*w + 1777 = -1624, 4*w - 1698 = -k. What are the prime factors of k?
2, 23, 37
Let g(b) = 14*b**2 - 44*b + 64. Let h(z) = 5*z**2 - 15*z + 22. Let y(o) = -4*g(o) + 11*h(o). Let v(a) = 8*a + 1. Let d be v(1). List the prime factors of y(d).
2
Let v be (-11 + (-2 - -8))*-1. Suppose j - 4*z - 997 = 0, j - v*z - 964 = 36. What are the prime factors of j?
5, 197
Suppose -5*s + 57 = 37. Suppose s = y - 7. Suppose -y*u + 560 = -6*u. List the prime factors of u.
2, 7
Suppose 2*f = -2*v + 32, 1 = 3*v - 4*f - 12. Suppose 27*x - 56 = 13*x. Suppose 3*p = 2*s + 62, 35 - v = p - x*s. What are the prime factors of p?
2, 5
List the prime factors of (-4)/5 + 5022973/85 + -11.
2, 3, 43, 229
Let d be (-14)/(-6) - 0 - 1/3. Let a(g) = -4*g**2 + 8*g - 3. Let c be a(d). List the prime factors of c/(6/(-241)) - 8/16.
2, 3, 5
Suppose -j = -5*j - 112. Let y = j - 1. Let r = 58 + y. List the prime factors of r.
29
What are the prime factors of 2461102/(-189)*-6 - (-2 - 20/(-9))?
2, 5, 13, 601
Let i be (-2)/(-8) - (-216270)/40. Suppose 13*p - i = 10505. List the prime factors of p.
2, 3, 17
Let k(h) = 19*h + 1. Let z be k(-3). Let j = z - -60. Suppose 3*v = 3*x + 33, 3*x - j = -4*v - x. What are the prime factors of v?
2, 3
Let q(t) = -t - 7. Let b be q(-10). Suppose 205 = b*v - 356. What are the prime factors of v?
11, 17
Let f be ((-6)/(-10))/((4/(-10))/2). Let p = f - -13. List the prime factors of -2 + (1762/p - (-12)/15).
5, 7
Let z = 1537 - 932. Suppose 601*w + 872 = z*w. What are the prime factors of w?
2, 109
Suppose 4*g + 8 = 0, -5*g = 3*h - 7764 - 38084. List the prime factors of h.
2, 7643
Suppose -9*z - 65 = -83. List the prime factors of ((-2307)/9)/(6/(z + -20)).
769
List the prime factors of (14/21 - (-8)/24)*20003.
83, 241
Suppose -2105*t = b - 2100*t - 62694, 2*b + 3*t = 125346. What are the prime factors of b?
2, 3, 7, 373
Suppose 3*v - 12 = g, -5*v + v = -2*g - 14. Suppose -3*r + 380 = 4*h + r, v*h + 2*r = 472. List the prime factors of h.
2, 47
Let l(n) = 5*n + 5. Let w be l(-14). List the prime factors of 2054/w*(-33 + -2).
2, 7, 79
Let q be (3/(-3))/(-1 - 0). Let i = 4 + q. Suppose b = 2*m - b - 30, -i*m = -4*b - 71. List the prime factors of m.
11
Let o(h) = -1883*h + 2364. List the prime factors of o(-5).
11779
Let k(v) = -7*v - 74. Let s be k(-10). Let y(d) = d - 11. Let c be y(10). What are the prime factors of ((-598)/(-184)